se 4
2032
What is 1323 (base 5) in base 15?
e3
Convert 58 (base 16) to base 9.
107
What is -1215 (base 6) in base 16?
-12b
2 (base 14) to base 3
2
What is 13 (base 5) in base 2?
1000
a4 (base 13) to base 6
342
b1 (base 13) to base 4
2100
23 (base 5) to base 13
10
What is 6 (base 12) in base 14?
6
What is 2 (base 15) in base 14?
2
What is 1 (base 3) in base 10?
1
Convert 161 (base 10) to base 15.
ab
What is 1bd (base 14) in base 2?
101101011
134 (base 7) to base 12
62
20 (base 15) to base 14
22
1 (base 2) to base 16
1
-11 (base 2) to base 11
-3
-56 (base 10) to base 16
-38
-2 (base 13) to base 16
-2
What is 3 (base 5) in base 4?
3
Convert 120 (base 3) to base 5.
30
-124 (base 5) to base 14
-2b
What is -23 (base 13) in base 3?
-1002
What is -4 (base 9) in base 11?
-4
What is 153 (base 8) in base 6?
255
-2b (base 15) to base 16
-29
What is -3 (base 11) in base 15?
-3
What is 2 (base 12) in base 8?
2
Convert -88 (base 10) to base 4.
-1120
-13 (base 14) to base 15
-12
What is 30 (base 4) in base 2?
1100
What is 33 (base 10) in base 13?
27
1 (base 16) to base 4
1
Convert -4 (base 9) to base 4.
-10
15 (base 8) to base 14
d
162 (base 7) to base 13
72
Convert 15 (base 11) to base 2.
10000
262 (base 8) to base 13
109
Convert 3 (base 15) to base 8.
3
2033 (base 4) to base 3
12022
1 (base 8) to base 14
1
What is -1211 (base 3) in base 10?
-49
-c (base 14) to base 9
-13
Convert -9c (base 15) to base 5.
-1042
What is 3c (base 16) in base 12?
50
41 (base 12) to base 2
110001
10 (base 2) to base 13
2
6 (base 12) to base 3
20
What is -3 (base 6) in base 3?
-10
Convert -b (base 14) to base 2.
-1011
What is -17 (base 9) in base 11?
-15
Convert 0 (base 3) to base 10.
0
17 (base 16) to base 13
1a
What is 100 (base 3) in base 12?
9
Convert -2 (base 16) to base 15.
-2
What is -18 (base 11) in base 10?
-19
What is 1254 (base 6) in base 3?
102221
6 (base 11) to base 3
20
-5 (base 15) to base 3
-12
-27 (base 9) to base 3
-221
What is -73 (base 9) in base 2?
-1000010
Convert d (base 14) to base 15.
d
What is -3 (base 16) in base 14?
-3
1122 (base 3) to base 11
40
110 (base 2) to base 5
11
17 (base 13) to base 8
24
Convert 26 (base 15) to base 3.
1100
Convert 6 (base 15) to base 4.
12
Convert -20 (base 4) to base 2.
-1000
-31 (base 5) to base 4
-100
Convert 6 (base 9) to base 14.
6
Convert 3 (base 10) to base 8.
3
What is -211 (base 8) in base 15?
-92
Convert -1 (base 6) to base 2.
-1
4 (base 13) to base 6
4
What is 10 (base 7) in base 10?
7
-1101 (base 2) to base 6
-21
What is 1 (base 6) in base 2?
1
What is -14 (base 5) in base 15?
-9
3 (base 7) to base 9
3
What is 127 (base 8) in base 2?
1010111
Convert -2 (base 11) to base 15.
-2
-12 (base 7) to base 8
-11
Convert -37 (base 11) to base 4.
-220
-7d (base 14) to base 8
-157
What is -5 (base 9) in base 11?
-5
Convert 1101 (base 2) to base 3.
111
Convert -211 (base 4) to base 12.
-31
21120 (base 3) to base 12
150
Convert -11 (base 2) to base 6.
-3
What is -2 (base 16) in base 10?
-2
What is -1 (base 14) in base 7?
-1
Convert 10 (base 10) to base 4.
22
-32 (base 10) to base 12
-28
Convert -cb (base 13) to base 4.
-2213
-3 (base 8) to base 15
-3
-22 (base 5) to base 11
-11
10 (base 7) to base 11
7
What is 111 (base 5) in base 12?
27
Convert -5 (base 6) to base 8.
-5
Convert 1111 (base 2) to base 10.
15
-20 (base 9) to base 15
-13
What is 29 (base 10) in base 5?
104
What is -1101 (base 2) in base 5?
-23
What is -2102 (base 4) in base 13?
-b3
Convert -121 (base 3) to base 9.
-17
What is -22 (base 5) in base 6?
-20
-5a (base 14) to base 5
-310
Convert -3 (base 9) to base 7.
-3
ab (base 14) to base 2
10010111
10011111 (base 2) to base 3
12220
Convert -127 (base 8) to base 14.
-63
Convert -1 (base 10) to base 16.
-1
Convert 11 (base 7) to base 15.
8
Convert 10 (base 3) to base 11.
3
Convert -52 (base 12) to base 10.
-62
What is -59 (base 14) in base 12?
-67
What is -3 (base 8) in base 9?
-3
11 (base 16) to base 3
122
What is 1 (base 12) in base 11?
1
What is 21 (base 11) in base 3?
212
Convert 200 (base 4) to base 15.
22
132 (base 5) to base 2
101010
Convert -13 (base 8) to base 4.
-23
What is 210 (base 5) in base 12?
47
What is 2 (base 6) in base 7?
2
Convert 31 (base 15) to base 12.
3a
What is 10 (base 3) in base 12?
3
Convert 3 (base 12) to base 9.
3
What is 9 (base 14) in base 10?
9
What is 121 (base 3) in base 14?
12
12 (base 7) to base 12
9
1d (base 15) to base 14
20
-5 (base 11) to base 4
-11
What is -3 (base 12) in base 13?
-3
What is 9 (base 11) in base 7?
12
1 (base 10) to base 15
1
Convert 7 (base 12) to base 6.
11
-12 (base 7) to base 13
-9
Convert -4 (base 6) to base 12.
-4
What is -24 (base 11) in base 13?
-20
-14 (base 14) to base 15
-13
Convert -15 (base 16) to base 15.
-16
What is 20 (base 3) in base 13?
6
Convert -7 (base 12) to base 6.
-11
Convert 26 (base 11) to base 4.
130
What is -2 (base 7) in base 6?
-2
Convert -c5 (base 15) to base 9.
-225
-1 (base 13) to base 14
-1
What is 2 (base 7) in base 3?
2
Convert -102 (base 3) to base 13.
-b
Convert -1 (base 2) to base 4.
-1
22 (base 4) to base 6
14
-24 (base 6) to base 13
-13
Convert 2 (base 3) to base 13.
2
Convert -2110 (base 3) to base 12.
-56
What is 12 (base 4) in base 13?
6
What is 262 (base 7) in base 14?
a2
1 (base 10) to base 13
1
What is 10 (base 3) in base 6?
3
Convert 22a (base 12) to base 14.
190
212 (base 5) to base 7
111
Convert 8 (base 13) to base 4.
20
Convert 2320 (base 4) to base 7.
352
What is 0 (base 15) in base 9?
0
Convert 0 (base 9) to base 15.
0
83 (base 16) to base 15
8b
-40 (base 12) to base 10
-48
Convert -20 (base 3) to base 14.
-6
3 (base 12) to base 9
3
What is -11 (base 14) in base 12?
-13
1 (base 3) to base 9
1
Convert 1 (base 12) to base 4.
1
-7 (base 9) to base 2
-111
What is 7 (base 13) in base 4?
13
Convert 154 (base 12) to base 4.
3100
5 (base 11) to base 16
5
-16 (base 15) to base 14
-17
What is 29 (base 12) in base 16?
21
Convert 5 (base 7) to base 14.
5
-100 (base 2) to base 14
-4
-1 (base 7) to base 11
-1
What is -175 (base 8) in base 5?
-1000
What is 35 (base 13) in base 11?
40
10 (base 3) to base 16
3
63 (base 12) to base 16
4b
What is 0 (base 12) in base 7?
0
-1 (base 13) to base 5
-1
4 (base 5) to base 2
100
Convert 32 (base 10) to base 2.
100000
Convert -2 (base 11) to base 14.
-2
Convert -5 (base 7) to base 11.
-5
Convert 100111 (base 2) to base 15.
29
-3a (base 14) to base 10
-52
-27 (base 16) to base 2
-100111
-2 (base 7) to base 6
-2
What is -2 (base 10) in base 13?
-2
-1 (base 12) to base 9
-1
53 (base 11) to base 15
3d
-29 (base 16) to base 14
-2d
What is -1023 (base 6) in base 8?
-347
What is 5 (base 13) in base 10?
5
-37 (base 8) to base 10
-31
What is 0 (base 7) in base 15?
0
What is 1111 (base 2) in base 5?
30
1a7 (base 13) to base 3
102100
-1 (base 16) to base 14
-1
1114 (base 5) to base 11
135
-8 (base 16) to base 2
-1000
Convert -43 (base 6) to base 9.
-30
What is -11010 (base 2) in base 11?
-24
What is 6 (base 13) in base 11?
6
What is 101111 (base 2) in base 10?
47
Convert 33 (base 5) to base 6.
30
What is 1022 (base 3) in base 14?
27
50 (base 6) to base 11
28
Convert -5 (base 12) to base 2.
-101
What is 39 (base 12) in base 15?
30
14 (base 15) to base 14
15
Convert -1023 (base 5) to base 13.
-a8
Convert 70 (base 11) to base 14.
57
-5 (base 8) to base 10
-5
What is 0 (base 12) in base 6?
0
-118 (base 10) to base 14
-86
-4 (base 16) to base 4
-10
-111 (base 4) to base 9
-23
11001001 (base 2) to base 6
533
6a (base 16) to base 10
106
Convert -5 (base 13) to base 2.
-101
Convert 111 (base 2) to base 16.
7
-11 (base 2) to base 10
-3
What is 0 (base 6) in base 13?
0
Convert 124 (base 6) to base 14.
3a
Convert -123 (base 4) to base 11.
-25
What is -5 (base 6) in base 16?
-5
-1 (base 10) to base 12
-1
-219 (base 10) to base 8
-333
10110 (base 2) to base 11
20
Convert -3 (base 12) to base 4.
-3
What is -35 (base 10) in base 6?
-55
What is 2 (base 14) in base 13?
2
-10001 (base 2) to base 10
-17
10 (base 2) to base 9
2
24 (base 6) to base 11
15
Convert 1 (base 4) to base 9.
1
-4 (base 7) to base 9
-4
Convert 2 (base 8) to base 9.
2
What is -5 (base 8) in base 9?
-5
Convert 21 (base 8) to base 3.
122
23 (base 5) to base 11
12
Convert -4 (base 12) to base 3.
-11
Convert -21 (base 5) to base 6.
-15
What is